{"id":11415,"date":"2022-02-01T15:41:00","date_gmt":"2022-02-01T18:41:00","guid":{"rendered":"https:\/\/louvada.com.br\/loja\/?post_type=product&#038;p=11415"},"modified":"2025-05-09T08:05:20","modified_gmt":"2025-05-09T11:05:20","slug":"abridor-speed-louvada","status":"publish","type":"product","link":"https:\/\/louvada.com.br\/loja\/produto\/abridor-speed-louvada\/","title":{"rendered":"Abridor Speed"},"content":{"rendered":"<p>Abridor Speed Louvada<\/p>\n<p>Dimens\u00f5es:<\/p>\n<ul>\n<li>Comprimento &#8211; 16,8 cm<\/li>\n<li>Peso &#8211; 69g<\/li>\n<\/ul>\n<p>Material: Alum\u00ednio<\/p>\n","protected":false},"excerpt":{"rendered":"<p>Abridor super divertido. Item de decora\u00e7\u00e3o ou cole\u00e7\u00e3o de honra.<\/p>\n","protected":false},"featured_media":11416,"comment_status":"open","ping_status":"closed","template":"","meta":[],"product_brand":[],"product_cat":[59],"product_tag":[],"class_list":{"0":"post-11415","1":"product","2":"type-product","3":"status-publish","4":"has-post-thumbnail","6":"product_cat-acessorios","8":"first","9":"outofstock","10":"shipping-taxable","11":"purchasable","12":"product-type-simple"},"_links":{"self":[{"href":"https:\/\/louvada.com.br\/loja\/wp-json\/wp\/v2\/product\/11415","targetHints":{"allow":["GET"]}}],"collection":[{"href":"https:\/\/louvada.com.br\/loja\/wp-json\/wp\/v2\/product"}],"about":[{"href":"https:\/\/louvada.com.br\/loja\/wp-json\/wp\/v2\/types\/product"}],"replies":[{"embeddable":true,"href":"https:\/\/louvada.com.br\/loja\/wp-json\/wp\/v2\/comments?post=11415"}],"wp:featuredmedia":[{"embeddable":true,"href":"https:\/\/louvada.com.br\/loja\/wp-json\/wp\/v2\/media\/11416"}],"wp:attachment":[{"href":"https:\/\/louvada.com.br\/loja\/wp-json\/wp\/v2\/media?parent=11415"}],"wp:term":[{"taxonomy":"product_brand","embeddable":true,"href":"https:\/\/louvada.com.br\/loja\/wp-json\/wp\/v2\/product_brand?post=11415"},{"taxonomy":"product_cat","embeddable":true,"href":"https:\/\/louvada.com.br\/loja\/wp-json\/wp\/v2\/product_cat?post=11415"},{"taxonomy":"product_tag","embeddable":true,"href":"https:\/\/louvada.com.br\/loja\/wp-json\/wp\/v2\/product_tag?post=11415"}],"curies":[{"name":"wp","href":"https:\/\/api.w.org\/{rel}","templated":true}]}}