{"id":1174,"date":"2020-04-08T15:40:30","date_gmt":"2020-04-08T18:40:30","guid":{"rendered":"https:\/\/louvada.com.br\/loja\/?post_type=product&#038;p=1174"},"modified":"2026-05-08T17:31:41","modified_gmt":"2026-05-08T20:31:41","slug":"louvada-ipa-500ml","status":"publish","type":"product","link":"https:\/\/louvada.com.br\/loja\/produto\/louvada-ipa-500ml\/","title":{"rendered":"Louvada IPA 500ml"},"content":{"rendered":"<p><b>Cerveja:<\/b><span style=\"font-weight: 400;\"> Louvada IPA<\/span><span style=\"font-weight: 400;\"><br \/>\n<\/span><b>Fam\u00edlia:<\/b><span style=\"font-weight: 400;\"> Ale<\/span><span style=\"font-weight: 400;\"><br \/>\n<\/span><b>Estilo:<\/b><span style=\"font-weight: 400;\"> American India Pale Ale<\/span><span style=\"font-weight: 400;\"><br \/>\n<\/span><b>Teor alco\u00f3lico:<\/b><span style=\"font-weight: 400;\"> 6,5%<\/span><span style=\"font-weight: 400;\"><br \/>\n<\/span><b>IBU (Amargor):<\/b><span style=\"font-weight: 400;\"> 65 IBU \u2013 Alto<\/span><span style=\"font-weight: 400;\"><br \/>\n<\/span><b>Ingredientes: <\/b><span style=\"font-weight: 400;\">\u00c1gua, malte de cevada, l\u00fapulo e levedura.<\/span><span style=\"font-weight: 400;\"><br \/>\n<\/span><b>Temperatura ideal:<\/b><span style=\"font-weight: 400;\"> 4\u00ba a 10\u00ba<\/span><span style=\"font-weight: 400;\"><br \/>\n<\/span><b>Colora\u00e7\u00e3o:<\/b><span style=\"font-weight: 400;\"> Cobre claro<\/span><span style=\"font-weight: 400;\"><br \/>\n<\/span><b>Dul\u00e7or:<\/b><span style=\"font-weight: 400;\"> Baixa intensidade<\/span><span style=\"font-weight: 400;\"><br \/>\n<\/span><b>Sugest\u00e3o para uma experi\u00eancia de honra:<\/b><span style=\"font-weight: 400;\"> Harmoniza com queijos azuis, hamb\u00farguer com bacon e carnes intensas como de costela.<\/span><\/p>\n<p><i><span style=\"font-weight: 400;\">Permita-se arriscar em harmoniza\u00e7\u00f5es, a criatividade e os sentidos s\u00e3o infinitos. Busque notar as nuances que surgir\u00e3o com a intera\u00e7\u00e3o entre o alimento e a bebida.<\/span><\/i><i><span style=\"font-weight: 400;\"><br \/>\n<\/span><\/i><i><span style=\"font-weight: 400;\">Teste, arrisque, aprecie, divirta-se!<br \/>\nCompartilhe seu momento com Louvada nas redes sociais, use a hashtag<b> #honre<\/b> e marque a gente <b>@cervejarialouvada.<\/b><\/span><\/i><\/p>\n","protected":false},"excerpt":{"rendered":"<p><span style=\"font-weight: 400;\">Cerveja de colora\u00e7\u00e3o dourada, complexa e arom\u00e1tica.<\/span><span style=\"font-weight: 400;\">Com equil\u00edbrio em destaque para os l\u00fapulos, a Louvada IPA possui amargor alto e perfil remetendo \u00e0s frutas amarelas tipo maracuj\u00e1 e abacaxi.<\/span><span style=\"font-weight: 400;\"><br \/>\n<\/span><span style=\"font-weight: 400;\">Cerveja de alta intensidade, a Louvada IPA \u00e9 reconhecida pelo seu corpo m\u00e9dio, carbonata\u00e7\u00e3o elevada e teor alco\u00f3lico intermedi\u00e1rio. <\/span><span style=\"font-weight: 400;\"><br \/>\n<\/span><span style=\"font-weight: 400;\"><br \/>\n<\/span><b><span class=\"s1\">Cerveja sem gl\u00faten.<\/span><\/b><\/p>\n<p><b>Teor alco\u00f3lico: <\/b><span style=\"font-weight: 400;\">6,5%<\/span><span style=\"font-weight: 400;\"><br \/>\n<\/span><b>IBU (Amargor):<\/b><span style=\"font-weight: 400;\"> 65 IBU \u2013 Alto<\/span><\/p>\n<p><span style=\"font-weight: 400;\"><b>Premia\u00e7\u00f5es<br \/>\n<\/b>Medalha de prata &#8211; World Beer Awards 2022<br \/>\nMedalha de ouro &#8211; World Beer Awards 2021<br \/>\nMedalha de bronze &#8211; Copa Cerveja Brasil 2024<br \/>\nMedalha de bronze &#8211; Copa Cerveja Brasil 2024<br \/>\nMedalha de prata &#8211; Brasil Beer Cup 2024<\/span><\/p>\n<p><span style=\"font-weight: 400;\"><br \/>\n<\/span><span style=\"font-weight: 400;\">Honre com modera\u00e7\u00e3o<\/span><span style=\"font-weight: 400;\"><br \/>\n<\/span><i><span style=\"font-weight: 400;\">Compartilhe seu momento com Louvada nas redes sociais, use a hashtag<\/span><\/i><b><i> #honre<\/i><\/b><i><span style=\"font-weight: 400;\"> e marque a gente <\/span><\/i><b><i>@cervejarialouvada.<\/i><\/b><i><span style=\"font-weight: 400;\"><br \/>\n<\/span><\/i><i><span style=\"font-weight: 400;\"><br \/>\n<\/span><\/i><b>Compre clicando no bot\u00e3o abaixo<\/b><span style=\"font-weight: 400;\"><br \/>\n<\/span><\/p>\n","protected":false},"featured_media":19604,"comment_status":"open","ping_status":"closed","template":"","meta":[],"product_brand":[],"product_cat":[55,83,58],"product_tag":[91,62],"class_list":{"0":"post-1174","1":"product","2":"type-product","3":"status-publish","4":"has-post-thumbnail","6":"product_cat-cervejas","7":"product_cat-ipa","8":"product_cat-premiadas","9":"product_tag-500ml","10":"product_tag-amargas","12":"first","13":"instock","14":"shipping-taxable","15":"purchasable","16":"product-type-simple"},"_links":{"self":[{"href":"https:\/\/louvada.com.br\/loja\/wp-json\/wp\/v2\/product\/1174","targetHints":{"allow":["GET"]}}],"collection":[{"href":"https:\/\/louvada.com.br\/loja\/wp-json\/wp\/v2\/product"}],"about":[{"href":"https:\/\/louvada.com.br\/loja\/wp-json\/wp\/v2\/types\/product"}],"replies":[{"embeddable":true,"href":"https:\/\/louvada.com.br\/loja\/wp-json\/wp\/v2\/comments?post=1174"}],"wp:featuredmedia":[{"embeddable":true,"href":"https:\/\/louvada.com.br\/loja\/wp-json\/wp\/v2\/media\/19604"}],"wp:attachment":[{"href":"https:\/\/louvada.com.br\/loja\/wp-json\/wp\/v2\/media?parent=1174"}],"wp:term":[{"taxonomy":"product_brand","embeddable":true,"href":"https:\/\/louvada.com.br\/loja\/wp-json\/wp\/v2\/product_brand?post=1174"},{"taxonomy":"product_cat","embeddable":true,"href":"https:\/\/louvada.com.br\/loja\/wp-json\/wp\/v2\/product_cat?post=1174"},{"taxonomy":"product_tag","embeddable":true,"href":"https:\/\/louvada.com.br\/loja\/wp-json\/wp\/v2\/product_tag?post=1174"}],"curies":[{"name":"wp","href":"https:\/\/api.w.org\/{rel}","templated":true}]}}