{"id":12825,"date":"2022-07-15T18:20:15","date_gmt":"2022-07-15T21:20:15","guid":{"rendered":"https:\/\/louvada.com.br\/loja\/?post_type=product&#038;p=12825"},"modified":"2026-03-13T09:11:38","modified_gmt":"2026-03-13T12:11:38","slug":"louvada-weiss-500ml-24-unidades","status":"publish","type":"product","link":"https:\/\/louvada.com.br\/loja\/produto\/louvada-weiss-500ml-24-unidades\/","title":{"rendered":"Louvada Weiss 500ml &#8211; 24 unidades"},"content":{"rendered":"<p><b>Cerveja: <\/b><span style=\"font-weight: 400\">Weiss<br \/>\n<\/span><b>Fam\u00edlia: <\/b><span style=\"font-weight: 400\">Ale<br \/>\n<\/span><b>Estilo:<\/b><span style=\"font-weight: 400\"> German Hefeweizen<br \/>\n<\/span><b>Teor alco\u00f3lico: <\/b><span style=\"font-weight: 400\">5,1%<br \/>\n<\/span><b>IBU (Amargor):<\/b><span style=\"font-weight: 400\"> 10 IBU \u2013 Baixo<br \/>\n<\/span><b>Ingredientes:<\/b><span style=\"font-weight: 400\"> \u00c1gua, malte de cevada, malte de trigo, l\u00fapulo e levedura.<br \/>\n<\/span><b>Temperatura ideal:<\/b><span style=\"font-weight: 400\"> 4\u00ba a 6\u00ba<br \/>\n<\/span><b>Colora\u00e7\u00e3o: <\/b><span style=\"font-weight: 400\">Amarelada para \u00e2mbar<br \/>\n<\/span><b>Dul\u00e7or:<\/b><span style=\"font-weight: 400\"> M\u00e9dia intensidade<br \/>\n<\/span><b>Sugest\u00e3o para uma experi\u00eancia de honra:<\/b><span style=\"font-weight: 400\"> Saladas, carnes su\u00ednas e frutos do mar.<\/span><\/p>\n<p>&nbsp;<\/p>\n","protected":false},"excerpt":{"rendered":"<p><b>Cerveja: <\/b><span style=\"font-weight: 400\">Weiss<br \/>\n<\/span><b>Fam\u00edlia: <\/b><span style=\"font-weight: 400\">Ale<br \/>\n<\/span><b>Estilo:<\/b><span style=\"font-weight: 400\"> German Hefeweizen<br \/>\n<\/span><b>Teor alco\u00f3lico: <\/b><span style=\"font-weight: 400\">5,1%<br \/>\n<\/span><b>IBU (Amargor):<\/b><span style=\"font-weight: 400\"> 10 IBU \u2013 Baixo<br \/>\n<\/span><b>Ingredientes:<\/b><span style=\"font-weight: 400\"> \u00c1gua, malte de cevada, malte de trigo, l\u00fapulo e levedura.<br \/>\n<\/span><b>Temperatura ideal:<\/b><span style=\"font-weight: 400\"> 4\u00ba a 6\u00ba<br \/>\n<\/span><b>Colora\u00e7\u00e3o: <\/b><span style=\"font-weight: 400\">Amarelada para \u00e2mbar<br \/>\n<\/span><b>Dul\u00e7or:<\/b><span style=\"font-weight: 400\"> M\u00e9dia intensidade<br \/>\n<\/span><b>Sugest\u00e3o para uma experi\u00eancia de honra:<\/b><span style=\"font-weight: 400\"> Saladas, carnes su\u00ednas e frutos do mar.<\/span><\/p>\n<p><strong>Premia\u00e7\u00f5es<\/strong><br \/>\nMedalha de ouro &#8211; Copa cerveja Brasil 2023<br \/>\nMedalha de prata \u2013 Brasil Beer Cup 2021<br \/>\nMedalha de Ouro &#8211; Concurso Brasileiro de Cerveja 2022<\/p>\n<p><i><span style=\"font-weight: 400\">Permita-se arriscar em harmoniza\u00e7\u00f5es, a criatividade e os sentidos s\u00e3o infinitos. Busque notar as nuances que surgir\u00e3o com a intera\u00e7\u00e3o entre o alimento e a bebida.<\/span><\/i><i><span style=\"font-weight: 400\"><br \/>\n<\/span><\/i><i><\/i><\/p>\n<p><i><span style=\"font-weight: 400\">Teste, arrisque, aprecie, divirta-se!<br \/>\nCompartilhe seu momento com Louvada nas redes sociais, use a hashtag<b> #honre<\/b> e marque a gente <b>@cervejarialouvada.<\/b><\/span><\/i><\/p>\n","protected":false},"featured_media":16784,"comment_status":"open","ping_status":"closed","template":"","meta":[],"product_brand":[],"product_cat":[74,56,84],"product_tag":[91,119],"class_list":{"0":"post-12825","1":"product","2":"type-product","3":"status-publish","4":"has-post-thumbnail","6":"product_cat-caixas","7":"product_cat-packs","8":"product_cat-trigo","9":"product_tag-500ml","10":"product_tag-offer-march","12":"first","13":"instock","14":"shipping-taxable","15":"purchasable","16":"product-type-woosb"},"_links":{"self":[{"href":"https:\/\/louvada.com.br\/loja\/wp-json\/wp\/v2\/product\/12825","targetHints":{"allow":["GET"]}}],"collection":[{"href":"https:\/\/louvada.com.br\/loja\/wp-json\/wp\/v2\/product"}],"about":[{"href":"https:\/\/louvada.com.br\/loja\/wp-json\/wp\/v2\/types\/product"}],"replies":[{"embeddable":true,"href":"https:\/\/louvada.com.br\/loja\/wp-json\/wp\/v2\/comments?post=12825"}],"wp:featuredmedia":[{"embeddable":true,"href":"https:\/\/louvada.com.br\/loja\/wp-json\/wp\/v2\/media\/16784"}],"wp:attachment":[{"href":"https:\/\/louvada.com.br\/loja\/wp-json\/wp\/v2\/media?parent=12825"}],"wp:term":[{"taxonomy":"product_brand","embeddable":true,"href":"https:\/\/louvada.com.br\/loja\/wp-json\/wp\/v2\/product_brand?post=12825"},{"taxonomy":"product_cat","embeddable":true,"href":"https:\/\/louvada.com.br\/loja\/wp-json\/wp\/v2\/product_cat?post=12825"},{"taxonomy":"product_tag","embeddable":true,"href":"https:\/\/louvada.com.br\/loja\/wp-json\/wp\/v2\/product_tag?post=12825"}],"curies":[{"name":"wp","href":"https:\/\/api.w.org\/{rel}","templated":true}]}}